7 is divided by 33.
31
Calculate the remainder when 215 is divided by 54.
53
Calculate the remainder when 4296 is divided by 96.
72
What is the remainder when 3034 is divided by 6?
4
Calculate the remainder when 281 is divided by 71.
68
What is the remainder when 531 is divided by 125?
31
Calculate the remainder when 642 is divided by 200.
42
What is the remainder when 66 is divided by 19?
9
What is the remainder when 676 is divided by 34?
30
Calculate the remainder when 75 is divided by 20.
15
What is the remainder when 963 is divided by 237?
15
Calculate the remainder when 481 is divided by 21.
19
Calculate the remainder when 278 is divided by 133.
12
Calculate the remainder when 924 is divided by 29.
25
What is the remainder when 52 is divided by 40?
12
Calculate the remainder when 200 is divided by 70.
60
What is the remainder when 101 is divided by 26?
23
Calculate the remainder when 1023 is divided by 127.
7
What is the remainder when 22832 is divided by 129?
128
Calculate the remainder when 735 is divided by 20.
15
Calculate the remainder when 115 is divided by 31.
22
Calculate the remainder when 2462 is divided by 29.
26
What is the remainder when 271 is divided by 55?
51
What is the remainder when 201 is divided by 2?
1
Calculate the remainder when 7067 is divided by 12.
11
Calculate the remainder when 79 is divided by 26.
1
What is the remainder when 31 is divided by 27?
4
What is the remainder when 355 is divided by 117?
4
Calculate the remainder when 252 is divided by 17.
14
Calculate the remainder when 376 is divided by 335.
41
Calculate the remainder when 40 is divided by 7.
5
Calculate the remainder when 181 is divided by 24.
13
Calculate the remainder when 491 is divided by 33.
29
What is the remainder when 112 is divided by 19?
17
Calculate the remainder when 103 is divided by 13.
12
What is the remainder when 1967 is divided by 63?
14
What is the remainder when 39505 is divided by 13?
11
What is the remainder when 78 is divided by 16?
14
Calculate the remainder when 279 is divided by 104.
71
What is the remainder when 467 is divided by 130?
77
What is the remainder when 1932 is divided by 638?
18
Calculate the remainder when 73 is divided by 55.
18
Calculate the remainder when 341 is divided by 18.
17
What is the remainder when 45 is divided by 4?
1
What is the remainder when 368 is divided by 115?
23
Calculate the remainder when 131 is divided by 71.
60
What is the remainder when 415 is divided by 39?
25
Calculate the remainder when 254 is divided by 8.
6
Calculate the remainder when 191 is divided by 8.
7
Calculate the remainder when 1815 is divided by 17.
13
Calculate the remainder when 70 is divided by 43.
27
What is the remainder when 241 is divided by 9?
7
What is the remainder when 222 is divided by 23?
15
Calculate the remainder when 2136 is divided by 29.
19
Calculate the remainder when 7378 is divided by 211.
204
Calculate the remainder when 2660 is divided by 7.
0
Calculate the remainder when 22 is divided by 19.
3
What is the remainder when 181 is divided by 37?
33
Calculate the remainder when 5046 is divided by 187.
184
What is the remainder when 135 is divided by 58?
19
Calculate the remainder when 1765 is divided by 15.
10
Calculate the remainder when 1527 is divided by 128.
119
Calculate the remainder when 1021 is divided by 449.
123
What is the remainder when 9485 is divided by 9?
8
What is the remainder when 3054 is divided by 1006?
36
Calculate the remainder when 211 is divided by 195.
16
Calculate the remainder when 2947 is divided by 723.
55
Calculate the remainder when 1912 is divided by 356.
132
What is the remainder when 117 is divided by 6?
3
What is the remainder when 334 is divided by 124?
86
Calculate the remainder when 464 is divided by 15.
14
Calculate the remainder when 3346 is divided by 1667.
12
Calculate the remainder when 546 is divided by 16.
2
What is the remainder when 1093 is divided by 281?
250
What is the remainder when 2797 is divided by 16?
13
What is the remainder when 497 is divided by 60?
17
What is the remainder when 2483 is divided by 113?
110
What is the remainder when 24 is divided by 12?
0
What is the remainder when 447 is divided by 111?
3
Calculate the remainder when 1974 is divided by 26.
24
Calculate the remainder when 4702 is divided by 14.
12
What is the remainder when 4535 is divided by 9?
8
Calculate the remainder when 72 is divided by 27.
18
Calculate the remainder when 476 is divided by 158.
2
What is the remainder when 13 is divided by 6?
1
Calculate the remainder when 398 is divided by 24.
14
Calculate the remainder when 39950 is divided by 88.
86
Calculate the remainder when 2056 is divided by 21.
19
Calculate the remainder when 2546 is divided by 98.
96
What is the remainder when 387 is divided by 12?
3
What is the remainder when 359 is divided by 29?
11
Calculate the remainder when 185 is divided by 53.
26
Calculate the remainder when 677 is divided by 214.
35
Calculate the remainder when 13541 is divided by 61.
60
Calculate the remainder when 456 is divided by 27.
24
What is the remainder when 133 is divided by 66?
1
What is the remainder when 1516 is divided by 214?
18
What is the remainder when 183 is divided by 70?
43
What is the remainder when 311 is divided by 8?
7
What is the remainder when 885 is divided by 280?
45
Calculate the remainder when 1984 is divided by 87.
70
What is the remainder when 2583 is divided by 56?
7
Calculate the remainder when 113 is divided by 18.
5
What is the remainder when 398 is divided by 393?
5
What is the remainder when 13635 is divided by 13?
11
Calculate the remainder when 393 is divided by 40.
33
What is the remainder when 522 is divided by 34?
12
What is the remainder when 136 is divided by 58?
20
Calculate the remainder when 351 is divided by 85.
11
What is the remainder when 1671 is divided by 67?
63
What is the remainder when 422 is divided by 86?
78
What is the remainder when 13037 is divided by 326?
323
Calculate the remainder when 571 is divided by 52.
51
What is the remainder when 528 is divided by 40?
8
What is the remainder when 894 is divided by 29?
24
Calculate the remainder when 1488 is divided by 34.
26
Calculate the remainder when 2647 is divided by 53.
50
Calculate the remainder when 81 is divided by 28.
25
Calculate the remainder when 713 is divided by 15.
8
What is the remainder when 187 is divided by 21?
19
Calculate the remainder when 1323 is divided by 16.
11
What is the remainder when 119 is divided by 5?
4
What is the remainder when 243 is divided by 49?
47
Calculate the remainder when 639 is divided by 148.
47
What is the remainder when 1155 is divided by 231?
0
What is the remainder when 1136 is divided by 374?
14
Calculate the remainder when 2864 is divided by 58.
22
What is the remainder when 1325 is divided by 38?
33
What is the remainder when 48058 is divided by 187?
186
What is the remainder when 154 is divided by 31?
30
What is the remainder when 216 is divided by 40?
16
What is the remainder when 23 is divided by 17?
6
Calculate the remainder when 554 is divided by 18.
14
Calculate the remainder when 629 is divided by 63.
62
Calculate the remainder when 1817 is divided by 17.
15
Calculate the remainder when 458 is divided by 66.
62
Calculate the remainder when 367 is divided by 16.
15
What is the remainder when 35836 is divided by 32?
28
Calculate the remainder when 158 is divided by 44.
26
What is the remainder when 27430 is divided by 72?
70
Calculate the remainder when 668 is divided by 113.
103
Calculate the remainder when 332 is divided by 68.
60
What is the remainder when 197 is divided by 42?
29
Calculate the remainder when 3197 is divided by 54.
11
What is the remainder when 2794 is divided by 69?
34
Calculate the remainder when 123 is divided by 38.
9
What is the remainder when 93 is divided by 24?
21
What is the remainder when 10 is divided by 10?
0
What is the remainder when 172 is divided by 25?
22
What is the remainder when 370 is divided by 199?
171
Calculate the remainder when 386 is divided by 78.
74
Calculate the remainder when 245 is divided by 72.
29
What is the remainder when 5831 is divided by 1943?
2
What is the remainder when 259 is divided by 153?
106
Calculate